90651422 a multiple of 2199?
False
Does 4 divide 178204110?
False
Does 116 divide 43105716?
True
Does 658 divide 3078273592?
False
Is 8 a factor of 22059708?
False
Is 12 a factor of 621541992?
True
Is 786 a factor of 812551607?
False
Does 10 divide 1121044011?
False
Does 168 divide 104602176?
True
Is 22415708 a multiple of 23?
True
Is 49137995 a multiple of 2?
False
Is 9 a factor of 37513284?
False
Is 310412883 a multiple of 532?
False
Is 78 a factor of 698160709?
False
Does 12 divide 1459618800?
True
Does 1486 divide 27257698?
True
Does 37 divide 788205376?
True
Does 25 divide 100898275?
True
Is 197403388 a multiple of 874?
True
Is 3 a factor of 8603034?
True
Is 121056194 a multiple of 112?
False
Is 130523658 a multiple of 739?
True
Is 335 a factor of 142544510?
True
Does 190 divide 892030620?
True
Does 22 divide 566150365?
False
Is 2526 a factor of 218089788?
True
Does 1100 divide 228887475?
False
Does 137 divide 91228300?
True
Is 973 a factor of 29112006?
False
Does 366 divide 4565118?
True
Is 111764905 a multiple of 1928?
False
Is 44 a factor of 7725828?
True
Does 9 divide 40065138?
True
Is 3380018041 a multiple of 6490?
False
Is 65276866 a multiple of 19?
False
Is 2353 a factor of 56965106?
False
Does 3361 divide 344549300?
False
Is 153045838 a multiple of 22?
True
Does 53 divide 6924291?
True
Does 37 divide 89276940?
False
Is 6 a factor of 643531977?
False
Is 25 a factor of 441581652?
False
Is 74850027 a multiple of 11?
False
Is 413653922 a multiple of 283?
False
Does 44 divide 130730022?
False
Is 150136512 a multiple of 64?
True
Is 5093421446 a multiple of 12?
False
Is 692 a factor of 20443897?
False
Does 128 divide 1776316928?
True
Is 2027 a factor of 18930153?
True
Is 14 a factor of 10397940?
True
Is 22 a factor of 78800747?
False
Does 312 divide 27353108?
False
Does 328 divide 128786225?
False
Is 9654 a factor of 1890851748?
True
Is 216 a factor of 38108564?
False
Is 91 a factor of 18841368?
True
Is 48808479 a multiple of 1623?
True
Does 33 divide 2453698?
False
Is 50410319 a multiple of 23?
True
Is 1633 a factor of 44576001?
True
Is 24 a factor of 1106076323?
False
Is 72 a factor of 94884403?
False
Is 8962974 a multiple of 2721?
True
Is 11 a factor of 798447880?
False
Is 370 a factor of 345724397?
False
Does 9 divide 1081773288?
True
Is 63 a factor of 91875358?
False
Is 60848350 a multiple of 25?
True
Does 496 divide 690273574?
False
Does 639 divide 213257692?
False
Is 939468911 a multiple of 2112?
False
Is 48331414 a multiple of 232?
False
Does 710 divide 4485244?
False
Is 143 a factor of 9270612?
False
Is 18 a factor of 41622736?
False
Is 194 a factor of 143335680?
False
Does 79 divide 131815845?
True
Does 147 divide 90339732?
True
Is 17 a factor of 26610270?
True
Does 6827 divide 711360861?
False
Is 4632 a factor of 122886960?
True
Does 4965 divide 2300259675?
True
Does 14 divide 76778268?
True
Is 4571 a factor of 196351876?
True
Is 101448422 a multiple of 443?
False
Is 49 a factor of 11438646?
False
Is 21867340 a multiple of 55?
True
Is 678920937 a multiple of 597?
True
Does 125 divide 28772625?
True
Does 12 divide 7971866?
False
Is 1173122760 a multiple of 6168?
True
Is 13 a factor of 125033879?
False
Is 1110 a factor of 18452640?
True
Does 27 divide 674186220?
True
Does 33 divide 80178562?
False
Is 293 a factor of 404911643?
True
Does 146 divide 4697684733?
False
Is 111887028 a multiple of 106?
True
Is 109 a factor of 3233457343?
False
Is 13989621 a multiple of 131?
True
Is 5408068 a multiple of 13?
False
Is 247 a factor of 764845170?
False
Is 142 a factor of 448117957?
False
Is 35198566 a multiple of 2157?
False
Is 6113846112 a multiple of 66?
True
Is 71 a factor of 102855215?
True
Does 50 divide 1332897527?
False
Is 2678 a factor of 385294572?
True
Is 1181088 a multiple of 144?
True
Does 434 divide 163861178?
False
Does 1495 divide 5862490010?
True
Is 5077164696 a multiple of 383?
False
Does 956 divide 1609023524?
True
Is 226107679 a multiple of 78?
False
Is 23335605 a multiple of 15?
True
Does 74 divide 181769603?
False
Is 143 a factor of 357763946?
False
Is 58 a factor of 4379580?
True
Is 696308032 a multiple of 1904?
True
Is 1822 a factor of 241294748?
True
Is 755447077 a multiple of 11?
True
Does 1986 divide 8134821?
False
Is 3572 a factor of 1509216436?
True
Is 312 a factor of 9672312?
True
Does 182 divide 216015211?
False
Is 154 a factor of 132782188?
True
Is 63 a factor of 78932248?
False
Is 204 a factor of 27092341?
False
Is 50 a factor of 12142880?
False
Is 28 a factor of 12461568?
True
Does 14 divide 882912996?
True
Is 7699509 a multiple of 15?
False
Does 13 divide 60040747?
True
Is 1563 a factor of 14652781?
False
Does 8 divide 424216?
True
Does 3 divide 298733562?
True
Does 12 divide 1775629715?
False
Does 21 divide 2812416934?
False
Does 3132 divide 201220430?
False
Is 1344 a factor of 428200457?
False
Does 7 divide 1668474990?
True
Is 333 a factor of 3709295325?
True
Is 3009570021 a multiple of 263?
False
Does 8 divide 3004539340?
False
Does 25 divide 905126225?
True
Does 140 divide 1316324426?
False
Does 1158 divide 30681739?
False
Is 692 a factor of 432667834?
False
Is 553 a factor of 98335566?
True
Is 328338918 a multiple of 1581?
True
Does 1816 divide 220853545?
False
Does 11 divide 38608879?
False
Is 149 a factor of 537116861?
False
Is 47047682 a multiple of 1055?
False
Does 316 divide 894566150?
False
Does 6571 divide 2169540499?
True
Is 226 a factor of 44280632?
True
Does 650 divide 948647145?
False
Does 8 divide 437840658?
False
Is 130742060 a multiple of 772?
True
Is 152308029 a multiple of 87?
True
Is 111 a factor of 2101112118?
True
Is 13285695 a multiple of 84?
False
Is 2584142465 a multiple of 135?
False
Is 103091085 a multiple of 87?
True
Is 95 a factor of 558713240?
True
Is 288085219 a multiple of 26?
False
Is 334405674 a multiple of 51?
True
Does 1738 divide 109454258?
False
Does 38 divide 146692996?
True
Does 250 divide 126903250?
True
Is 303875603 a multiple of 1559?
True
Does 1939 divide 270891873?
True
Is 282191216 a multiple of 50?
False
Is 133 a factor of 25411538?
False
Does 2742 divide 45396882?
False
Does 11 divide 3297910?
True
Is 492 a factor of 12575517?
False
Does 10 divide 228373711?
False
Is 1006 a factor of 299650?
False
Does 324 divide 41154480?
True
Is 32 a factor of 43492169?
False
Does 51 divide 300861188?
False
Does 16 divide 1569541152?
True
Is 36864521 a multiple of 79?
False
Is 1552 a factor of 866047040?
True
Is 23 a factor of 3275135142?
False
Is 674978200 a multiple of 8840?
True
Is 390 a factor of 20616570?
True
Is 477323 a multiple of 7?
True
Is 122 a factor of 35311192?
True
Does 1503 divide 142322037?
False
Is 286792305 a multiple of 72?
False
Is 24275510 a multiple of 136?
False
Does 356 divide 1106386056?
True
Does 381 divide 36208616?
False
Is 388 a factor of 35745664?
True
Is 80687882 a multiple of 187?
True
Is 1141525491 a multiple of 19?
True
Is 21 a factor of 226054941?
True
Is 46291321 a multiple of 134?
False
Does 1044 divide 259610037?
False
Is 1456496896 a multiple of 64?
True
Does 3 divide 5931177?
True
Is 451 a factor of 167106775?
True
Is 765 a factor of 536399603?
False
Is 2140 a factor of 20452633?
False
Does 36 divide 749892780?
True
Is 595 a factor of 13399301?
False
Is 222 a factor of 3262342473?
False
Is 1508 a factor of 20350460?
True
Does 36 divide 8533836?
True
Is 20 a factor of 227064041?
False
Does 13 divide 207427001?
False
Is 34094930 a multiple of 470?
False
Is 267 a factor of 227598009?
True
Is 53 a factor of 11129523?
True
Is 1303 a factor of 94885763?
True
Is 7 a factor of 144162263?
True
Is 24 a factor of 26572824?
True
Does 34 divide 237901454?
False
Is 942 a factor of 24865249?
False
Is 156247498 a multiple of 206?
True
Is 1986 a factor of 510412644?
False
Is 2340584103 a multiple of 1727?
True
Does 35 divide 41787900?
True
Does 263 divide 1488192085?
False
Is 13421858 even?
True
Does 5 divide 7032542?
False
Is 10535508 a multiple of 27?
True
Is 79089801 a multiple of 1926?
False
Is 3550 a factor of 78617108?
False
Does 496 divide 24653680?
True
Does 15 divide 237590430?
True
Is 51 a factor of 257079372?
True
Is 437585608 a multiple of 10711?
False
Is 2020 a factor of 1907674999?
False
Is 145997776 a multiple of 6?
False
Is 39